66 + -164. What is b(f)?
29
Let c(u) = 9*u**2 - 3 + 195*u**3 - 3 - 2*u**2 - 196*u**3. What is c(7)?
-6
Suppose 0 = -4*l - 2*j + 30, -2*l = -0*l - 2*j. Let i(v) = -v**3 + 6*v**2 - 5*v - 2. Give i(l).
-2
Let r(d) = -d**2 - 20*d + 9. Let w be r(-12). Let o = 111 - w. Let c(s) = -s**3 + 7*s**2 - 4*s + 2. What is c(o)?
14
Let h(d) = 6*d**2 + 0*d**2 - d**3 + 2 + d - 2*d**2. Let i be (-16)/6*(-6)/(-4) - -8. Determine h(i).
6
Let a(p) be the first derivative of -p**2/2 - 4*p + 2. Let z(b) = -4*b + 26. Let v(q) = -17*q + 104. Let s(t) = 2*v(t) - 9*z(t). Let d be s(13). What is a(d)?
-4
Suppose -3*r = -3*m - m + 15, 5 = -r - 5*m. Let j(x) = -6 + 0*x**2 - x**2 + 4*x + 7*x**2 + x**3. Calculate j(r).
-1
Let a(d) = 2*d + 9. Let u be (2 - 18/4)*(-336)/(-210). Calculate a(u).
1
Suppose 4*w = -5*x - 6 - 5, 12 = -5*x - 3*w. Let y(l) = -l**3 - 2*l**2 - l + 2. What is y(x)?
14
Suppose 4*u = 3*r + 11, 5*r + 0*u = -2*u + 25. Suppose -4*j = -55*j + 765. Let s be 4 - (r + j/5). Let f(x) = -x**2 + x. Calculate f(s).
-6
Let f(t) = -t**3 + 2*t**2 - t. Suppose -4*q - 4 = -w - 23, -3*q = -3*w - 3. Let c = 12 - q. Let l = c + -3. Calculate f(l).
-12
Let p(o) be the first derivative of 2*o**3/3 - 2*o**2 + 2*o - 20. Let a be p(3). Let y(d) = -d**2 + 5*d + 8. Give y(a).
-16
Let l = 25 + -22. Let f(y) = 4*y**2 - 2*y**3 - 2 - 3*y**3 + l - 2*y + 4*y**3. What is f(2)?
5
Let q(v) = -22*v**2 + 24 - 74*v + 71*v - 26. Determine q(-1).
-21
Let m(b) = b**2 + 9*b + 1. Let q = -76 - -67. Let l be m(q). Let g(w) = 4*w - 4*w + w. Calculate g(l).
1
Suppose -4*b + 5*c = 29 - 78, 2*b + 3*c + 3 = 0. Let u(p) be the third derivative of -p**6/120 + 7*p**5/60 - p**4/3 + p**3/3 + 7*p**2. Calculate u(b).
-10
Let n(w) = 10*w + 1. Suppose -38 = -21*s + 25. Give n(s).
31
Let b(k) = k**2 - 7*k - 32. Suppose -o + 8*x + 35 = 0, -5*o + 6*o + 4*x = -1. Calculate b(o).
12
Let f(i) = -i**3 + 10*i**2 - 3*i + 22. Suppose 3*z - 30 + 0 = 0. Let m be f(z). Let k(y) = y - 2. Determine k(m).
-10
Let w = 10 - 7. Suppose -5 = -a - 3. Let s(u) = 1 - u**a - 5 + 0 + 4*u + 1. What is s(w)?
0
Let n be (296/7)/(-1) + (-46)/(-161). Let a be (-64)/10 - n/(-70). Let g(b) = b + 7. Calculate g(a).
0
Let r(j) = 9*j + 36 - 4*j + j**2 + 14*j + 15*j - 5*j. Determine r(-28).
8
Let c(k) = -k**3 - 4*k**2 - 2*k - 4. Let f be c(-4). Let q(j) = -j + 1 + 12*j - 13*j - j**2 + 5*j. What is q(f)?
-3
Let n be (12/(-105))/(64/224) + (-6)/10. Let l(s) be the first derivative of -15*s**4/4 - s**3/3 - s**2/2 - s - 1. What is l(n)?
14
Let v(h) = -6*h + 39. Suppose 9*n - 8*n = -3*p + 17, 2*p = 3*n + 4. Determine v(p).
9
Let h(w) = 4*w - 1. Let x(t) = 8*t - 2. Let g = -73 + 70. Let k(c) = g*x(c) + 5*h(c). Calculate k(3).
-11
Let k(n) be the third derivative of -1/30*n**5 - 1/120*n**6 + 0*n + 0 + 1/6*n**4 + 1/3*n**3 - 3*n**2. Let p = 2 + -5. Determine k(p).
-1
Let y(p) = p**3 + 7*p**2 - 8*p + 4. Let o be y(-8). Suppose 81 = x - o*x. Let b = 28 + x. Let v(i) = 4*i**3 - i. Give v(b).
3
Let l(m) = -m**3 + m**2 + m - 1. Suppose 3*f = -0*n - 2*n - 1, -4*n - 4*f = 0. Let d(x) = -2*x**3 + 2*x**2 + x - 4. Let y(c) = n*d(c) - 3*l(c). Give y(-1).
-1
Let j(u) = u**3 + 24*u**2 + u + 28. Let h be j(-24). Suppose 0 = -a - 4*x - h - 16, -12 = 3*x. Let d(w) = -w**3 - 5*w**2 - 6*w - 3. Calculate d(a).
5
Let l(a) be the third derivative of 1/12*a**4 + 0*a + 0 + 0*a**3 - 4*a**2. Determine l(2).
4
Let k(a) be the third derivative of -7/6*a**3 + 0*a + 1/24*a**4 + 0 - 10*a**2. Give k(6).
-1
Let z(l) = -7*l**2 + 20*l - 12. Let p be z(2). Let a(f) = -5*f - 5. Let r(d) = 6*d + 6. Let j(q) = -7*a(q) - 6*r(q). Determine j(p).
-1
Suppose -24 = -7*b + 4*b. Let a(r) = 4*r**2 - 3*r + b*r - r**3 - 2*r. Calculate a(5).
-10
Let i(n) = -418*n - 77. Let l(m) be the first derivative of -27*m**2/2 - 5*m - 2. Let j(h) = -5*i(h) + 77*l(h). Determine j(-1).
-11
Let u(b) = -7*b**2 + 11*b - 4. Let d(y) = -15*y**2 + 23*y - 9. Let x(j) = 6*d(j) - 13*u(j). Let p(g) = -43*g + 261. Let w be p(6). Give x(w).
-8
Let m(n) = n**3 - 2*n + 1. Let j(r) = -7*r - 90. Let c be j(-13). What is m(c)?
0
Suppose -p + 4 - 2 = 0. Suppose p*s = 2 + 2. Let n(f) = f + 0*f**2 + 0*f**3 - f**3 + 3*f**2 + 3 - f**s. What is n(3)?
-3
Let u(z) = 4*z**2 + 6*z + 8. Let r(n) = -3*n**2 - 5*n - 9. Let i(q) = -3*r(q) - 2*u(q). Let c(p) be the first derivative of i(p). Determine c(4).
11
Let l(d) = 2*d**3 + 16*d**2 + 2*d + 18. Let r be l(-8). Let f(z) be the first derivative of 1/4*z**4 + 9/2*z**2 - 6*z + r - 7/3*z**3. What is f(6)?
12
Let q be 1/(12 - 340/28). Let f(j) = -4*j + 13. Let w(k) = -7*k + 25. Let h(x) = -11*f(x) + 6*w(x). Give h(q).
-7
Let o(s) = -s**2 - s + 4. Suppose 0 = -2*y - 0*k - k + 10, -9 = y - 3*k. Suppose p = -y*r + 12, 3*r - 6 = -0*r + p. Suppose g - r*g = 0. Give o(g).
4
Let r be 1 + (-2)/((-4)/6). Let u(j) = 3*j - j**2 + 92 - 91 + 0*j. Let d be u(r). Let c(q) = -q - 2. What is c(d)?
1
Let l(q) be the first derivative of 5*q**2 - 3*q + 37. Calculate l(3).
27
Let b(j) = j**3 + 4*j**2 + j + 3. Suppose 2*d - 4*d = -4*z + 12, -5*d + z = 3. Let i be -4 + 3/6*d. What is b(i)?
-1
Let r(y) be the first derivative of -3*y**2/2 - 4*y - 40. Determine r(-4).
8
Let k(a) = a**2 - 2*a - 11. Let q(b) = -12*b - 343. Let f be q(-29). What is k(f)?
4
Let l(t) be the first derivative of t**4/4 + 5*t**3/3 + t**2/2 + 10*t - 13. Let w be l(-5). Let i(n) = -n**3 + 4*n**2 + 6*n - 5. What is i(w)?
0
Let j(l) = 16*l**2 - 50*l + 25. Let o(q) = 3*q**2 - 10*q + 5. Let n(w) = -2*j(w) + 11*o(w). Calculate n(7).
-16
Let m(a) be the second derivative of a**5/20 - a**3/6 + 3*a**2 + 2*a. Let r = 1234 - 1234. Give m(r).
6
Suppose -5*i + 4*p + 16 = -i, 3*i + 2*p - 37 = 0. Suppose i = -2*r + 5*r. Let h(n) = 4*n**2 - 3 + 8 + n - 2*n**3 + r*n**3 - 1. Determine h(-4).
0
Let j(m) be the first derivative of m**4/2 + m**2 + 3*m + 621. What is j(-2)?
-17
Let h(w) be the third derivative of w**5/30 + 5*w**4/24 + 2*w**3/3 + w**2. Let z = 116 - 113. Let f be 0 - z/((1 - 5)/(-4)). Calculate h(f).
7
Suppose -5*t + 3*d - 2*d + 43 = 0, -47 = -5*t - d. Let w(q) = -q**3 + 10*q**2 - 7*q. Give w(t).
18
Let s(x) = 3*x + 0*x - 4*x + 4 - 2*x - 2*x. Suppose 3*c - 8 + 17 = 0. Give s(c).
19
Let s(k) be the third derivative of -k**4/24 + k**3/3 - 699*k**2. What is s(4)?
-2
Let k(z) = 9*z**2 - 3*z + 9. Let f(y) = 7*y**2 - y + 8. Let r(h) = 4*f(h) - 3*k(h). Suppose w = -2 - 2. Calculate r(w).
1
Suppose c + 3 = 6, 0 = -2*s - 5*c + 45. Let p be (-5)/s*(-42)/4*-2. Let o(u) = u**2 + 8*u + 4. What is o(p)?
-3
Suppose 4*u + 22 = 2*p, 3*u - 5*u = 2*p + 20. Let c(a) = 2*a**2 + 14*a + 3. Determine c(u).
3
Let o(v) = 15*v + 17. Let l(q) = -7*q - 8. Let j(n) = 13*l(n) + 6*o(n). Calculate j(-5).
3
Let z(j) be the first derivative of j**6/360 - j**5/30 - j**3 - 2. Let b(n) be the third derivative of z(n). Let r be 2/8 - (-30)/8. Determine b(r).
0
Let c(l) be the first derivative of l**5/10 + l**4/12 - l**3/6 - 8*l + 17. Let n(b) be the first derivative of c(b). Suppose -2*d = 2*d - 4. What is n(d)?
2
Let g(w) be the third derivative of w**6/180 - w**5/15 + 5*w**4/24 - 4*w**3/3 - 7*w**2. Let x(s) be the first derivative of g(s). What is x(5)?
15
Let o(v) = v**3 - 3*v**2 - 5. Suppose 161*u - 147*u = 42. Calculate o(u).
-5
Let r(t) be the second derivative of t**3 + 7*t**2/2 - 4*t + 13. Determine r(-2).
-5
Let w(a) be the first derivative of 2*a**2 - 5*a - 1. Let f(q) = 11*q - 15. Let z(j) = 3*f(j) - 8*w(j). Suppose 36 = -3*i + 18. What is z(i)?
-11
Let z(i) = i**3 - 3*i**2 - 2*i + 2. Suppose 5*b - 16 = -o, -14*b - 7 = -15*b - 4*o. Calculate z(b).
-4
Let p(o) be the second derivative of o**4/12 - 7*o**3/6 - 13*o**2/2 - 114*o - 1. What is p(11)?
31
Let f(t) be the first derivative of t**4/4 - 7*t**3/3 + t**2 - 5*t + 2. Let w(p) = 2*p**3 - 103*p**2 - 50*p - 97. Let o be w(52). Calculate f(o).
9
Let f(n) = n**2 + 11*n + 25. Let x be f(-10). Let g(d) = -d**3 + 15*d**2 - d + 7. What is g(x)?
-8
Let b(u) be the first derivative of u**2 + 13*u - 285. Determine b(-7).
-1
Let y(s) = -s**3 - 8*s**2 + 30*s - 49. Let c be y(-11). Let q(g) = 2*g + 16. Give q(c).
-16
Suppose 8 = 4*l - 0. Let i(f) = -48*f + 1 + 2*f**3 - 3*f**3 + 52*f - l*f**2. Calculate i(-3).
-2
Let b(x) = x**2 + 5*x + 8. Let a(y) = -y**2 - 3*y - 8. Let i(v) = -6*a(v) - 5*b(v). What is i(6)?
2
Let b be 10 + -7 + (3 - -1). Let a(